+ 1379, -5*y = -40. What is the remainder when v is divided by 21?
11
Suppose -2*x + 766 = -3*r, x - 10*r = -8*r + 385. Calculate the remainder when x is divided by 91.
13
Calculate the remainder when 407 is divided by (-756)/(-168)*(-164)/(-9).
79
Suppose 46*g + 142*g = 46*g + 8662. Calculate the remainder when 391 is divided by g.
25
Suppose 93 + 371 = 58*r. Suppose 0 = -19*v + 1684 + 83. Calculate the remainder when v is divided by r.
5
Let z = -4 + 11. Let d be ((-24)/20)/(3/(-1010)). Suppose -157 = 19*c - d. What is the remainder when c is divided by z?
6
Suppose 2160 = 4*v + 2*n, v + 5*n + 11 = 578. Let j(o) = -28*o + 4. What is the remainder when v is divided by j(-2)?
57
Suppose 3*m - 238 = -20*a + 16*a, -5*a = -3*m - 311. What is the remainder when a is divided by 41?
20
Let d(w) = 3*w**2 - 131*w - 36. Suppose -3*g + 6 + 0 = 0. Suppose 0 = -3*b + 5*s - 29 + 142, -s = -g*b + 87. What is the remainder when b is divided by d(44)?
6
What is the remainder when 82 is divided by (-30)/(-4)*4*(-44)/(-40)?
16
Let m(v) = 40*v - 704. Calculate the remainder when 250 is divided by m(18).
10
What is the remainder when 166/4*(4 - (4 + -25 - -5)) is divided by 65?
50
Let m(g) = -718*g - 1. Let r be m(-1). Let w = -293 + r. What is the remainder when w is divided by 25?
24
Suppose -3*d + 0*d = -117. Let w(p) = 20*p - 178. What is the remainder when d is divided by w(10)?
17
Let i be (-366)/(-45) - (-4)/(-30). Suppose -11*j + 66 = -i*j. What is the remainder when 32 is divided by j?
10
Let x(f) be the second derivative of 5*f**3/6 + 165*f**2/2 + f - 129. Calculate the remainder when x(-8) is divided by 44.
37
Let k(t) = -13*t - 1. Let d(a) = a + 12. Let z be d(-7). Let l be k(z). Let r = l + 77. What is the remainder when r is divided by 9?
2
Let k(w) = 14*w**2 + 30*w - 64. What is the remainder when k(2) is divided by 15?
7
Suppose 135*m - 131*m = r + 818, 4*m - 808 = -4*r. What is the remainder when m is divided by 42?
36
Suppose 10*r - 8*r - 34 = 0. Let j = 1729 - 1725. Calculate the remainder when r is divided by j.
1
Suppose 1 = 4*g + 21, 3*r - 3*g - 18 = 0. Suppose 11 + r = i. Let f(b) = 23*b - 1. What is the remainder when f(1) is divided by i?
10
Suppose 2*b + x = b + 229, 3*b - 3*x - 669 = 0. Let w(l) = l + 15. Let o be w(-10). Suppose o*j - 63 = 32. What is the remainder when b is divided by j?
17
Let f(g) = -g**2 - 8*g + 6. Suppose 5*c - 6 + 1 = 0. Suppose -i = -3*s + 262, -i + c - 87 = -s. What is the remainder when s is divided by f(-7)?
10
Let v(y) = 9*y**2 + 5*y - 318. Calculate the remainder when v(19) is divided by 101.
97
Let q(c) = -2*c**3 - 37*c**2 + 20*c + 16. Let i(l) = 2*l - 55. Let k be i(18). Let g be q(k). What is the remainder when 177 is divided by 30*g*(-2)/6?
27
Let u = 165 + -215. Let x = -25 - u. Calculate the remainder when 273 is divided by x.
23
What is the remainder when ((-2613)/(-5))/((312/130)/12) is divided by 34?
29
Let a = 702 - 674. Suppose a - 63 = -7*s. Calculate the remainder when 81 is divided by s.
1
Calculate the remainder when ((-35 - -20) + 17)/(4/(-2382)*-3) is divided by 172.
53
Suppose -3*m = -2*n - 337, 6*n = 3*n - 6. Suppose -3*v + 2*v = -r + m, -v = r - 121. Calculate the remainder when r is divided by 9.
8
Let s(w) = -9*w - 1. Let z(i) = 9*i. Let g(n) = 3*s(n) + 2*z(n). What is the remainder when g(-2) is divided by 8?
7
Let f = 3333 + -1336. Calculate the remainder when f is divided by 10.
7
Suppose 5*d = -2*i - 15, -20 = -2*i + 3*d + 5. Let f = -124 - -131. Suppose g = 2*o - 10, -o - 3*g + 12 + f = 0. What is the remainder when o is divided by i?
2
Suppose 0 = -16*y + 1331 + 2909. Suppose y = -3*w + 310. Let g = 198 + -126. Calculate the remainder when g is divided by w.
12
Suppose 4*p = 8*p - 48. Suppose 5*d = -l + 68, 0*d + d = -l + p. What is the remainder when 27 is divided by d?
13
Let g = 94 - 50. What is the remainder when 183 + ((-2)/(-40) - (-10434)/(-1480) - -13) is divided by g?
13
Let h(n) be the first derivative of -n**3/3 - 4*n**2 + 7*n + 36. Calculate the remainder when h(-6) is divided by 1 + (0 + -2)/((-3)/18).
6
Suppose 722 = -6*v + 740. What is the remainder when 405 is divided by v?
0
Let h(k) = 5*k**2 + 13*k - 941. Calculate the remainder when h(17) is divided by 122.
115
Suppose 816*d - 90424 - 61466 + 38466 = 0. Calculate the remainder when 1100 is divided by d.
127
Let f(m) = m**2 + 2*m + 1. Let s(u) = 4*u + 26. Let c be s(-6). What is the remainder when ((3 - 4)*c)/(-2)*43 is divided by f(2)?
7
Suppose -808 = -4*b + 208. Suppose -c + 169 = -i, -3*i - 29*c = -33*c + 502. Let t = i + b. What is the remainder when t is divided by 21?
17
What is the remainder when -15 + 711/45 - 1751/(-5) is divided by 22?
21
Suppose 50*j - 53*j - 3*i = -42, 3*j - 40 = -5*i. What is the remainder when 2596 is divided by j?
1
Suppose 0 = 19*c - 96 - 189. Suppose 18*n - 42 = c*n + 2*s, 0 = 3*s - 9. What is the remainder when 22 is divided by n?
6
Suppose -10*n + 21*n - 143 = 0. Suppose -18*c + 3*z = -n*c - 275, 2*c + 3*z - 110 = 0. Calculate the remainder when c is divided by 3.
1
Suppose 25*c - 5065 = -9*c + 2687. What is the remainder when c is divided by 41?
23
Let a = -8 + 13. Let l be 404/4 + 1*-5. Suppose -a*u + 13*u = l. Calculate the remainder when u is divided by 8.
4
Let b(f) = 8*f + 59. Suppose 4*t + 8 - 56 = -5*q, 84 = 4*t - 4*q. What is the remainder when b(-3) is divided by t?
1
Let x be (12/30)/((-2)/(-160)). What is the remainder when (-240)/420 + (-3)/((-21)/550) is divided by (0 - (-1)/2)*x?
14
Let y = -3818 + 4907. Calculate the remainder when y is divided by 42.
39
Let m = 56 + 14. Let k = 99 + -93. Calculate the remainder when m is divided by k.
4
Suppose -5 = k - 9. Suppose -2*v + v - k*d + 5 = 0, 2*v - 10 = -3*d. Calculate the remainder when 87 is divided by (5 - -1)*v/((-30)/(-22)).
21
Let y be ((-2)/6)/(1/(-6)). Suppose 192 = 4*f + y*g, -3*f + 3*g + 142 = 4*g. Suppose -1208*k + 1176 = -1040*k. What is the remainder when f is divided by k?
4
Let p = 269 + -114. Let n = p + -90. Let f(b) = -14*b - 115. Calculate the remainder when n is divided by f(-9).
10
Let n = 22200 + -22182. Suppose 0*l - 5*u = -2*l + 337, 5*l - 811 = 2*u. Calculate the remainder when l is divided by n.
17
What is the remainder when 523 is divided by ((-2074)/(-244))/(3/90)?
13
Let s(v) = -19*v**2 + 234*v - 66. Suppose 0 = 5*y - 317 - 238. Calculate the remainder when y is divided by s(12).
3
Let b = -3388 + 3394. What is the remainder when 1114 is divided by b?
4
Let h(o) = 5*o + 3. Let c be h(-3). Calculate the remainder when -2 - 10/(-1) - (-280 - -274) is divided by (c/(-10))/(3/20).
6
Let z(q) = -4*q + 14. Let a be z(4). Calculate the remainder when 844/14 - (-2)/(-7) is divided by (-1 - 4/12)*a*6.
12
Let s = -2 - 2. Let h(n) be the first derivative of -10*n**2 - n + 2767. Calculate the remainder when h(s) is divided by 18.
7
Let q = -989 - -1124. What is the remainder when 521 is divided by q?
116
Let g(y) be the second derivative of -3*y**3 - 21*y**2 - 25*y. Let a be g(-5). Suppose -2*w = -140 - a. Calculate the remainder when w is divided by 24.
22
Let j be 1/((88/3712)/11). Let h = j + -283. What is the remainder when h is divided by 13?
12
Let g = 155 - 169. What is the remainder when (3 + -1)*(0 - 2177/g) is divided by 39?
38
Suppose -1800 = 11*f - 21*f. Suppose 0 = 3*s + 15*s - f. Calculate the remainder when 39 is divided by s.
9
Let v = -5656 + 5731. What is the remainder when v is divided by -1*20*(-2)/2?
15
Let u(r) = -59*r + r**2 + 8*r + 28*r - 62. What is the remainder when u(27) is divided by 14?
4
Suppose 108*d = 105*d + 435. Suppose -d = -5*k + 3*q, 5*q = 2*k - 40 - 37. Suppose -53 = -5*g + 17. What is the remainder when k is divided by g?
12
Suppose -26*u + 30*u = -112. Let h be ((-8)/u + 34/28)*30. Let j = -39 + h. Calculate the remainder when 21 is divided by j.
3
Suppose 62 = -2*p + 5*m + 19, 5*m = -4*p - 131. Let r = p - -28. Calculate the remainder when 11 is divided by ((-1)/3)/(r/15).
1
Let v = -3450 - -3457. Let b(i) = i**3 + 1 - 2 - i + 5*i**2 - 2. Calculate the remainder when v is divided by b(-5).
1
Let s = -52 - -182. Calculate the remainder when 453 is divided by s.
63
Suppose -98*y + 83*y + 495 = 0. Suppose 0 = -4*h - 2*q + 2 + 60, 43 = 2*h - 3*q. Calculat